ose 0 = -21*h + 16*h. Suppose h = 7*u - 2*u. Let w(g) = g**2 - g + 5. What is w(u)?
5
Let u = 14 - 11. Let k(x) = -2*x**2 - u - 42*x**3 + 4 + 37*x**3. Determine k(-1).
4
Suppose -3*g - 2*v = -1, -5*g + 18 = -4*v - 13. Let k = 9 + -6. Let z(h) = -4 - h - 4*h**g + 2 + 3*h**2 + k*h**3. What is z(3)?
-5
Suppose -4*l = -7*l + 3. Let k(f) be the first derivative of 1/2*f**2 - 5*f + l. Calculate k(-5).
-10
Let f(n) = n**2 + 10*n + 3. Let o be f(-9). Let m(s) be the second derivative of -s**5/20 - 7*s**4/12 - s**3 - 2*s. What is m(o)?
0
Suppose 0 = -2*n - n + 3. Let s be 1/n*(1 - -3). Let t(y) = -3*y**2 - y - y + s*y**2. What is t(4)?
8
Let b(p) = p**2 + 8*p + 6. Let k(u) = u**2 + 6*u - 11. Let r be k(-8). Suppose 3*x - r*d = -41, -d + 0*d = x + 3. What is b(x)?
-1
Let z(w) be the third derivative of -1/60*w**5 - 2*w**2 + 0 - 1/6*w**3 + 0*w + 1/12*w**4. Give z(4).
-9
Let j(n) = -n**2 + 12*n - 2. Let f(g) = -g**2 - 13*g - 10. Let b be f(-11). Calculate j(b).
-2
Let y(w) = 4*w**2 - w - 1. Let x(s) = -3*s**2 + 2*s + 1. Let t(g) = -5*x(g) - 4*y(g). Let p be t(-6). Let r(i) = 8*i**2. Give r(p).
8
Let r(l) = -l**3 - 3*l**2 + 5*l + 1. Let i be (-1)/((-7)/4 + 2). Give r(i).
-3
Let s(f) = -f + 3. Let q(c) = -c + 2. Let x(m) = -4*q(m) + 3*s(m). Determine x(3).
4
Let g(u) = -9 - 43*u - 3 - u**2 + 42*u. Give g(0).
-12
Let n(j) = 7*j - 3*j**2 + 2*j**2 - 6 - 3. Let f(h) = -h + 7. Let d be f(4). Let l be 17/d + (-1)/(-3). What is n(l)?
-3
Let c(y) = -y**3 + y - 3. Suppose 5 = -3*u - 4*a + 1, 0 = -3*u + 2*a + 2. What is c(u)?
-3
Let v(g) be the second derivative of -1/120*g**5 + 0 + 0*g**2 - 1/6*g**3 - g + 0*g**4. Let t(q) be the second derivative of v(q). Calculate t(-3).
3
Let z(t) = 16*t**2 - 1. Let y(s) = s**2 + 4*s - 22. Let j be y(-7). Determine z(j).
15
Let i be (2/(-1))/((-2)/(-5)). Let m(n) be the first derivative of -1/3*n**3 + 3 - 2*n**2 - n. Calculate m(i).
-6
Let t = 45 + -30. Let l be 6/(-4)*10/t. Let d(w) = 4*w**3 + w**2 + w + 1. What is d(l)?
-3
Let a(b) = -b - 7. Let f be a(-7). Suppose f = 2*i - 0*i - 4. Let g(k) = -5*k + 2*k + 7*k - i. What is g(2)?
6
Let m(u) be the second derivative of 1/20*u**5 + 2*u**2 + 4*u - 1/3*u**4 + 0 - 7/6*u**3. Calculate m(5).
-6
Let s(f) be the first derivative of -f**4/24 - f**2 + 1. Let m(w) be the second derivative of s(w). Calculate m(1).
-1
Let g(f) = 6*f**2 + f - 2. Let y(u) = -11*u**2 - u + 4. Let n(q) = -5*g(q) - 3*y(q). Suppose 3*d = 18 - 6. Let v = d + -2. Determine n(v).
6
Suppose 4*o = -t - 14, 3*t - 5*o = -10*o - 7. Let p(y) = -y**3 + 6*y**2 - y - 2. Determine p(t).
-8
Let a(d) = 15*d**2 + 2*d - 1. Suppose 4*h + 2*x - 2 = 0, h - 3*h = -3*x - 5. Determine a(h).
16
Let i(z) = z**3 - 6*z**2 + 3*z + 6. Let k = 10 + 14. Let s = k + -19. Give i(s).
-4
Let i(q) be the second derivative of 3/2*q**2 + 1/6*q**3 + 0 - q. What is i(-2)?
1
Let q(t) = -4 + 2*t**2 + t**2 + 5. Let u(h) = h**3 - 7*h**2 + 6*h + 8. Let m be u(6). Suppose -m*i = -4*i - 4. Determine q(i).
4
Let n(d) = -4*d**2 - 3. Let w(j) = -21*j**2 + j - 16. Let a(b) = -11*n(b) + 2*w(b). Give a(-1).
1
Let f(l) = -l - 11. Let v(s) = s - 15. Let n be v(7). What is f(n)?
-3
Suppose -2*n = -6*n. Let b(r) be the second derivative of r**3/6 - 4*r**2 - r. Calculate b(n).
-8
Let l(p) = 6*p**3 + 3*p**2 - 3*p + 4. Let u(j) = j**3 + j**2 - j + 1. Let o(t) = -l(t) + 3*u(t). Determine o(1).
-4
Let j(m) = m - 6. Let q(w) = -2*w + 12. Let v(z) = -13*j(z) - 6*q(z). What is v(0)?
6
Let n be 1*(-1 - -1)*1. Suppose 4*c = 3*h + 2*h - 23, -5*c - 19 = -3*h. Let q(u) = u + 0*u + 2*u**2 - h*u**2 + u**3 + 7. Calculate q(n).
7
Let h(w) = 3*w**2 - 3*w. Suppose 3 = 3*q - 6. Let g(u) be the third derivative of -u**4/24 + 5*u**3/6 - 2*u**2. Let n be g(q). Calculate h(n).
6
Let x = -6 - 6. Let u be ((-4)/6)/(4/x). Let v(a) = u - 8*a + a - 1. Determine v(1).
-6
Let o(t) = -t**2 - t + 3. Let k be 10 + -7 - (2 + 1). Calculate o(k).
3
Let h = 5 + -3. Let w(l) = -1 - h*l + 0 - 3*l + 6*l. Determine w(0).
-1
Let u be (-5 - -1)/(-6 - -4). Let c be u/(-1) + (-1 - 1). Let p(n) = -5*n - n**2 + 4*n**2 + n**3 + 0*n - 2. Determine p(c).
2
Suppose -4*x = x. Suppose 0 = -x*c + c. Let o(a) = -6*a - a + 6*a + 0*a - 4. Calculate o(c).
-4
Let r(l) be the third derivative of -l**5/4 + 3*l**4/8 + 4*l**3/3 + l**2. Let i(z) = 7*z**2 - 4 + z - 2*z - 3*z. Let x(y) = 13*i(y) + 6*r(y). What is x(-3)?
-1
Let q(r) = -3*r**2 - 2*r + 1. Let i be (-2)/(3 - (3 + 2)). Give q(i).
-4
Suppose -5*n - 29 - 1 = 0. Let w(o) = -o**2 - 5*o + 5. Give w(n).
-1
Let f(b) be the third derivative of b**6/120 - b**5/20 + b**4/12 - 2*b**3/3 + b**2. Let h be f(3). Let c(l) = -1 - l + 2*l - h*l. Determine c(-5).
4
Let a be (-3)/1 - (-10)/2. Let s(h) be the first derivative of 2 + 3/2*h**a - 3*h. Calculate s(2).
3
Let n(t) = -t + 7. Let v be n(3). Let m(q) = 5*q - 6. Calculate m(v).
14
Let j(h) be the second derivative of -h**5/20 - h**4/4 + 2*h**3/3 + h**2/2 - 5*h. Calculate j(-3).
-11
Let z = 37 + -39. Let x(t) = t**3 - 3*t - 3. Determine x(z).
-5
Let a(c) = 0*c + 4 - c - c**3 - c**2 - 3. Let z = -12 - -17. Suppose -z*w - 4 = -9*w. What is a(w)?
-2
Let b(u) be the second derivative of u**6/30 - u**4/24 + 3*u**2/2 + 3*u. Let d(k) be the first derivative of b(k). Determine d(-1).
-3
Let z(o) = -8*o + 0 - o**2 - 11 + 5. Calculate z(-5).
9
Let x(k) = -k**3 - k**2 - k + 1. Suppose a - 5*s = 20, 5*s = 2*s - 12. Let f be a - (-2 + 8/4). Calculate x(f).
1
Let r(x) = -3*x - 6. Let g(m) = -m - 3. Let t(k) = 9*g(k) - 4*r(k). Let c be t(2). Let a(d) = 4*d**2 - 3*d**2 - c + 1 + 1 - d. Give a(-1).
1
Let l(a) = 5*a - 1 - a**2 + 5*a + 2. Let x be l(10). Let q(k) = -k + 0*k**2 + 1 + 7*k**3 - k**2 + 0. Determine q(x).
6
Let u be (8/6)/((-2)/(-3)). Suppose 0*v = -u*v - 4. Let l be 2/((-24)/10 - v). Let s(d) = -d**3 - 5*d**2 - 2*d - 4. What is s(l)?
6
Let j(b) = b**2 + 2*b - 4. Let t(l) = l**2 - 8*l - 2. Let s be t(7). Let q = -2 - -7. Let d = q + s. Give j(d).
4
Let a(y) = 2*y - 9. Let s = 77 - 69. Give a(s).
7
Let j(k) = -k**2 + 3*k + 7. Let i be j(5). Let b = i + 3. Let v(a) = b + 2*a - 5 - 3*a. Determine v(-5).
0
Suppose 2*n = 5*n + 21. Let l(o) = o**2 + 8*o + 4. Calculate l(n).
-3
Let n(r) be the third derivative of r**4/12 - 5*r**3/6 + r**2. Suppose 0 = -4*j + 23 - 3. Calculate n(j).
5
Let l be 0/(-1) + 1 - -2. Let c(f) be the first derivative of f**6/360 - f**5/60 - f**4/12 + f**3/3 - 3. Let w(y) be the third derivative of c(y). What is w(l)?
1
Let t(f) = -f**3 - 8*f**2 - 2*f - 9. Suppose -30 = 4*n + 2. What is t(n)?
7
Let c(r) be the first derivative of 5*r**2/2 - 3*r + 2. What is c(2)?
7
Suppose 2 = 3*v - 7. Suppose 5*n - 17 = 2*u, -2 + 0 = -3*u + 2*n. Let j(z) = -z + v*z**2 + 2 + 3 - u - z**3. Give j(2).
3
Let f(q) = -q**2 - 7*q - 3. Let a be 9*(-1)/((-9)/(-6)). What is f(a)?
3
Let k(p) = 5*p - 8. Let s(f) = -f - 10. Suppose -5*d - 17 = 4*h, 2*h + 5 = -2*d - 1. Let g be s(d). Let v(b) = 3*b - 5. Let i(z) = g*k(z) + 8*v(z). Give i(6).
-6
Let r(q) = q - 12. Let h = -23 + 30. Calculate r(h).
-5
Let k(d) = d + 7. Let a be k(-5). Let j be (-4)/a - (-20)/5. Let h(t) = 4*t - j*t - 3*t - 7*t. Give h(-1).
8
Let v(s) be the first derivative of -s**4/4 + 4*s**3/3 - s**2 - 3*s - 2. Let i be v(3). Let p(j) be the second derivative of -j**3/6 - j**2 - j. Give p(i).
-2
Let l(x) = -14*x**2. Let f(b) = -b**2. Let o(u) = 6*f(u) - l(u). Let y(k) = 7*k**2. Let h(m) = -6*o(m) + 7*y(m). Give h(0).
0
Let r(d) = -d**3 - 7*d**2 - 7*d - 3. Let t be r(-6). Let w(x) be the first derivative of 2*x**3/3 - 5*x**2/2 + 4*x + 2. Give w(t).
7
Let j(m) = -5*m + 4. Let d(q) = 2*q - 1. Let a be d(1). Let u(p) = -1. Let o(b) = a*j(b) + 5*u(b). Let f(n) = -n + 7. Let v be f(6). Calculate o(v).
-6
Suppose -2*d + 14 = j, -5*d = 5*j - 37 - 8. Let q(u) be the third derivative of 0 + 3*u**2 + 1/120*u**6 - 5/24*u**4 - 1/20*u**5 + 0*u + u**3. What is q(j)?
2
Suppose 22 = -3*m + 13. Let n be (18/12)/(m/6). Let f(g) = -2*g + 2. Calculate f(n).
8
Let p(s) = 14*s - 6*s - 12 + 12*s**2 - 15*s**2. Let k(b) = -7*b**2 + 17*b - 25. Let q(z) = -4*k(z) + 9*p(z). What is q(-6)?
4
Let h be 0 - 1/(2/4). Let a(w) = 2*w - 7. Let r(y) = 3*y - 8. Let o(g) = 4*a(g) - 3*r(g). Give o(h).
-2
Let l(z) = 2*z + 1. Let t(h) = -h**3 + 21*h**2 - 3. Let r be t(21). Calculate l(r).
-5
Suppose 3*r - 4*d - 3 = 20, 5*d + 35 =